*r**2 - 9. Calculate the remainder when a(5) is divided by 19.
15
Suppose 4 = 5*j - p, -2*j + 4 = j - p. Suppose j = -y + o + 51, -3*y + 2*y + 63 = 2*o. What is the remainder when y is divided by 19?
17
Suppose -z - w + 3*w + 8 = 0, -5*z + 5*w = -15. Let p be (-5)/2*(z + 0). Suppose p*t - 38 = 3*t. Calculate the remainder when t is divided by 5.
4
Suppose 5*d + 18 = 8*d. What is the remainder when 2/6 + 280/6 is divided by (d/(-9))/(1/(-24))?
15
Let c = 22 - 7. Suppose 3*u = c + 3. What is the remainder when u is divided by 2?
0
Let f be -1 + 1/(2/(-12)). Let g = -5 - f. Calculate the remainder when 2 is divided by g.
0
Let a = 18 + -25. Let i(j) = j + 8. Let n(h) = -h**2 + 6*h + 8. Calculate the remainder when i(a) is divided by n(7).
0
Let g be (((-12)/(-3))/(-2))/(-1). Suppose 5*s - g*s - 39 = 0. Calculate the remainder when 37 is divided by s.
11
Let b(u) = -u**3 - 5*u**2 - 3*u - 7. Let k be b(-5). What is the remainder when ((-2)/4)/(k/(-224)) is divided by 5?
4
Suppose -5*l + 3*p = -2*p - 690, -4*l + 552 = -2*p. Calculate the remainder when (3/(-2))/((-3)/l) is divided by 24.
21
Let l = 4 + -3. Suppose -q = -l - 1. Calculate the remainder when 4 is divided by q.
0
Let v(l) = -l**3 + 9*l**2 - 5. Let r be v(9). Let c(x) = -x**2 - 6*x + 4. What is the remainder when 16 is divided by c(r)?
7
Suppose 5*j + 49 - 219 = 0. What is the remainder when 66 is divided by j?
32
Let n(p) = -p**3 - 8*p**2 - 2*p + 9. Let b(w) = -w + 1. Let a be b(7). Let k(z) = z**3 + 5*z**2 - 9*z - 5. What is the remainder when n(-8) is divided by k(a)?
12
Suppose -5 = -4*f + 43. Suppose 2*p + 3*p = 165. Calculate the remainder when p is divided by f.
9
Let z be (-15)/(-10)*(-14)/(-3). What is the remainder when 20 is divided by (z/4)/(3/12)?
6
What is the remainder when 2 - 0 - (-111 - -5) is divided by 28?
24
Let d(f) = f + 4. Let b be d(3). Let v(x) = x**3 - 2*x + 1. Let m be v(2). Let g = m + b. Calculate the remainder when 35 is divided by g.
11
Calculate the remainder when -115*(2 - (-84)/(-30)) is divided by 33.
26
What is the remainder when (39/9 + 1)*(-6)/(-4) is divided by 5/((-1 - 1) + 3)?
3
Let u = 2 - 0. Suppose -u*w = -7*w + 70. Calculate the remainder when 25 is divided by w.
11
Let r = -136 - -501. Suppose 0 = -10*v + 5*v + r. Calculate the remainder when v is divided by (-1 - 0 - 0) + 20.
16
Suppose 8 = x + 1. Suppose -131 - 194 = -5*i. Suppose 2*n - x*n + i = 0. What is the remainder when 37 is divided by n?
11
Let j = 56 - 46. What is the remainder when 19 is divided by j?
9
Calculate the remainder when (-12)/4 + (-208)/(-2) is divided by 26.
23
Suppose -18*s + 22*s - 568 = 0. What is the remainder when s is divided by 18?
16
Let q be (-4)/4 + 0 - -3. Suppose -3*x + 23 = q*b - 19, 0 = -2*x + 3*b + 41. What is the remainder when x is divided by 9?
7
Suppose 4*f - 44 = -8. What is the remainder when 13 is divided by f?
4
Let l(v) = 119*v**2 - 1. What is the remainder when l(-1) is divided by 17?
16
Let h be (-2)/(-3) - (-813)/9. Let r = 53 - 105. Let b = h + r. Calculate the remainder when b is divided by 10.
9
Calculate the remainder when 33 is divided by (-100)/(-55) + -2 + 134/11.
9
Let o(m) = m - 16. Calculate the remainder when 15 is divided by o(19).
0
Suppose -4 - 141 = -5*u. Let p = u + -2. What is the remainder when p is divided by 7?
6
Suppose -4*r + 0*r + 40 = 0. What is the remainder when 17 is divided by r?
7
Let s be 2/8 + 7/(-28). Suppose s = -4*c + 16 + 8. Suppose 3*h = c + 24. What is the remainder when h is divided by 6?
4
Let q(s) = s**3 - 6*s**2 + 3*s - 5. Suppose -5*a = -a - 24. What is the remainder when 25 is divided by q(a)?
12
What is the remainder when (132/(-154))/((-6)/28) is divided by 3?
1
Suppose 0 - 2 = z, -3*z = -3*l + 30. What is the remainder when 22 is divided by l?
6
Suppose c + 8 = v, 3*c - 4 = -v + 6*c. Calculate the remainder when v is divided by 8.
2
Suppose r + n - 65 = 5*r, 4*r + 3*n = -61. Let x = 43 + r. Calculate the remainder when 53 is divided by x.
26
Suppose 0 = -5*m - 4*g + 89, 2*m - 3*g + 0*g - 54 = 0. Let l(k) = 9*k - 9. What is the remainder when l(10) is divided by m?
18
Suppose -4*l + 9*l - 11 = 3*h, 5*h + 4*l + 80 = 0. Let s = -8 - h. Suppose -6*k - 15 = -k, s*j + 2*k - 66 = 0. What is the remainder when j is divided by 10?
8
Calculate the remainder when (64 - 7) + (0 - (1 + -3)) is divided by 5.
4
Let r(t) be the second derivative of -11*t**3/6 + 5*t**2/2 + 8*t. Calculate the remainder when r(-6) is divided by 18.
17
Let o(h) = 26*h + 2. Let x(q) = 13*q + 1. Let r(k) = 3*o(k) - 5*x(k). Let s(p) = 2*p**2 - 12*p. Calculate the remainder when r(4) is divided by s(7).
11
Let l = 61 - 49. What is the remainder when 130 is divided by l?
10
Suppose -2*k + 3 = 11. What is the remainder when ((-114)/k)/(3/4) is divided by 13?
12
Suppose n + 3*r + 2*r - 42 = 0, -5*n - 5*r = -210. Calculate the remainder when n is divided by 9.
6
Let z(y) = -1 - y + y + 2*y. What is the remainder when z(7) is divided by 5?
3
Suppose 90 = 4*q + 5*q. What is the remainder when 27 is divided by q?
7
Let f(w) = 10*w**2 + 2*w - 1. Let p = 1 + 0. Calculate the remainder when f(p) is divided by (-2)/(-10) - (-38)/10.
3
Suppose -103 = -5*z + 127. Calculate the remainder when (9 + -5)*z/4 is divided by 12.
10
Let j be 0*(0 + 3/6). Let p = 10 + j. Calculate the remainder when p is divided by 2/((-6)/(-4) - 1).
2
What is the remainder when 23 is divided by (-7)/(2*(-3)/6)?
2
Suppose 16*a - 446 = -78. What is the remainder when 41 is divided by a?
18
Let o(k) = -k**2 + 3*k - 6. Let j(a) = -2*a**2 + 3*a - 5. Let s(m) = -2*j(m) + 3*o(m). Calculate the remainder when s(3) is divided by (-1)/(-3) + 34/6.
4
Suppose 0*c + 3*c = 12. Suppose c*g - 68 = 3*b, -4*g + 7 = 5*b - 61. Calculate the remainder when 32 is divided by g.
15
Let h(x) = 4*x - 4. Let g = -19 + 66. What is the remainder when g is divided by h(4)?
11
Let v(f) = 0*f**3 - 3*f**2 + 2 + 9*f**2 + 2 - f**3. What is the remainder when v(5) is divided by 10?
9
Suppose -2*a + 63 = -0*a + 5*m, 5*m + 70 = 5*a. What is the remainder when 55 is divided by a?
17
Suppose 6 + 249 = 5*j. What is the remainder when j is divided by 11?
7
Suppose 3*v - z = 5*v - 23, 5*v - 47 = z. What is the remainder when v is divided by (-5 + -1)*6/(-9)?
2
Let m(h) be the first derivative of -h**4/4 - 5*h**3/3 + 3*h**2/2 - 4*h + 1. Suppose 5*n - 54 = 3*n. What is the remainder when n is divided by m(-6)?
13
Calculate the remainder when 25*((0 - 0) + 1) is divided by 5.
0
Let p = 172 + -119. Let b(r) = -r**3 + 4*r - 3 + 3*r**3 - 8*r**2 + 0*r**2 + 3*r**2. What is the remainder when p is divided by b(3)?
17
Let q = 7 - 4. Calculate the remainder when 14 is divided by q.
2
Calculate the remainder when (11/22)/(((-6)/(-436))/3) is divided by 37.
35
Let r(x) = -34*x - 2. Calculate the remainder when r(-1) is divided by 17.
15
Suppose 4*h + 17 = p + 4, 3*p = h + 6. Let v(z) = 3*z**2 - 17*z - 40. What is the remainder when v(-3) is divided by (2 + (-32)/6)*h?
8
Suppose -4*t - 10 = -2*i, i + 17 = 4*i - 5*t. Let h = -11 + 25. Suppose 0 = -2*y + h + 18. Calculate the remainder when y is divided by i.
7
Suppose -5*k + 107 = 622. Let y = 62 + k. Let z = -23 - y. Calculate the remainder when z is divided by 10.
8
Suppose 8 = -5*n - 2, 3*m + n - 31 = 0. Calculate the remainder when m is divided by 8.
3
Let b be (-9)/6*(-222)/(-9). Let d = -25 - b. Calculate the remainder when 33 is divided by d.
9
Suppose -2*r = -14 - 8. Calculate the remainder when (13/3)/((-1)/(-6)) is divided by 6 + 0 + -3 + r.
12
Suppose -4*p = -2*j + 20 + 2, 0 = 4*p. What is the remainder when 42 is divided by j?
9
Let z = -42 + 70. What is the remainder when z is divided by (-42)/(-5) + 8/(-20)?
4
Let g be 2968/40 - (-2)/(-10). Suppose -s + g = s. Calculate the remainder when s is divided by 13.
11
Let v(b) = 4*b. Let o be v(1). Suppose -z = 3*z + o, -3*y + 4*z = -13. Calculate the remainder when y is divided by 3.
0
Suppose 0*n + 2*y = -5*n + 1266, 2*n = -4*y + 516. Let g = -177 + n. Suppose m - g = -4*m. Calculate the remainder when 43 is divided by m.
13
Suppose -11*t + 8*t = -84. What is the remainder when 111 is divided by t?
27
Suppose o - 116 = -3*o. Let n be (-248)/(-14) + 2/7. Let y = -8 + n. What is the remainder when o is divided by y?
9